ided by q(1).
29
Suppose 816 = 3*u - 2*d - 264, -3*d = 0. What is the remainder when 252 is divided by u/(-75)*40/(-6)?
28
Let b = 21 + -19. Let l = b - -1. Suppose -l*w - 4*t = -5*w + 2, -3*w - 4*t = -23. What is the remainder when 14 is divided by w?
4
Suppose -24*h = -20*h - 12*h + 968. Calculate the remainder when 7014 is divided by h.
117
Let n(a) = 12*a + 41. Let t = -19 + 5. Let c be n(t). Calculate the remainder when -3 - 0 - (-1 + c*1) is divided by 32.
29
Let k be 8/(-2)*(-7 + (-49)/(-14)). Suppose 10*a - k*a = -608. What is the remainder when a is divided by 11?
9
Suppose 3*l + 2*j - 1934 = 0, -9*j + 14*j + 2617 = 4*l. Suppose l = 34*a - 474. Calculate the remainder when a is divided by 9.
6
Suppose 14386*z = 14379*z + 91. What is the remainder when 50 is divided by z?
11
Suppose -f = -3*s + 4, 2*f + 3*s - 3 = 7. Suppose 3*t - 32 = 2*t + j, -f*j = -3*t + 94. What is the remainder when t is divided by 8?
6
Suppose 0 = -596*d + 630*d - 884. Let o = 82 + -46. Suppose 3*q + q - 16 = -3*p, 2*p + o = 4*q. What is the remainder when d is divided by q?
5
Let n(o) = o + 20. Let a(k) = -k**3 - 11*k**2 + 27*k + 4. Let i be a(-13). Calculate the remainder when n(i) is divided by (12/15)/(1/10).
3
Let x(d) = 2*d**2 - 8*d - 3. Suppose 0 = -9*b + 10*b - 6. Calculate the remainder when 82 is divided by x(b).
19
Suppose 0 = 2*x - 77 - 59. Let f = 107 - x. Let w = f - 3. What is the remainder when w is divided by 20?
16
Suppose -15 = -58*h + 55*h, -24 = -3*u - 3*h. What is the remainder when (-1 + 36)*2/5 is divided by u?
2
Let t be (-6)/(-14) + 66/(-7). Let x be -10*6/t*75/10. Suppose 7*z - x = 6*z. What is the remainder when z is divided by 6?
2
Suppose -71135 + 6033 = -26*u - 934. What is the remainder when u is divided by 130?
128
Let v = 8 - -14. Let m = -6587 + 6613. Calculate the remainder when m is divided by v.
4
Suppose 0 = -4*z + 5*g + 267, 3*z - 4*g = -z + 272. Let f = -37 + 63. Calculate the remainder when z is divided by f.
21
Suppose 7*w - 476 = 2968. Let d = -476 + w. What is the remainder when 173 is divided by d?
13
Let n = -90 - -94. Suppose 3*c = -0*c - 3*b + 138, 5*b - 58 = -c. What is the remainder when c is divided by -6*6*(-1)/n?
7
Suppose 15 = 9*u - 4*u. Suppose -70 = -2*v - u*o, 0 = -2*v + 2*o - 3*o + 74. Suppose 116 = -36*y + v*y. What is the remainder when y is divided by 12?
10
Suppose -8*a + 20*a + 24*a = 7056. Let y = -67 + 100. Calculate the remainder when a is divided by y.
31
Let w = 534 - -83. Let g = -416 + w. What is the remainder when g is divided by 34?
31
Suppose 5*g - 4*t + 251 = 388, g - 37 = 4*t. What is the remainder when 2223 is divided by g?
23
Let v(c) = -c**2 - 57*c + 446. Calculate the remainder when v(-60) is divided by 251.
15
Let u(v) = -v**3 - 28*v**2 - 25*v + 298. Calculate the remainder when u(-28) is divided by 77.
74
Suppose -2387 = -765*t + 772*t. Let n = 1 - t. Calculate the remainder when n is divided by 69.
66
Suppose -2*w - w = -b - 100, -2*w + b + 66 = 0. Calculate the remainder when w is divided by 6 - (1 - 0 - -1).
2
Let w = -763 + 1709. What is the remainder when w is divided by 28?
22
Calculate the remainder when 205 is divided by 25 + 7*(-19 - -17).
7
Let q(h) = -h**3 + 7*h**2 - 6*h - 5. Let s(k) = -k**2 + 3*k + 12. Let x be s(0). Suppose -259 = -x*p + 5*p. Calculate the remainder when p is divided by q(4).
18
Let h = -18 - -68. Let c = 25 - h. Calculate the remainder when 21/(-9)*(2 - c/(-5)) is divided by 4.
3
Suppose -2*l = -17*l - 90. What is the remainder when 80 - (l/(-3) - 0)*1 is divided by 5?
3
Let u(c) = -4*c**3 + 397*c**2 + 322*c - 253. What is the remainder when u(100) is divided by 25?
22
Let c = 19394 + -18441. Calculate the remainder when c is divided by 160.
153
Let p be (-2280)/(-52) + 18/117. Suppose 0 = -p*r + 18*r + 3926. Calculate the remainder when r is divided by 19.
18
Let y be (-28046)/(-333) + (-10)/45. Let m = 29 + 3. Let d = y - m. What is the remainder when d is divided by 18?
16
What is the remainder when 187 is divided by 0 + (-544)/(15 - 31)?
17
Let q = -20 + 57. Let z(d) = -62*d - 225. What is the remainder when z(-6) is divided by q?
36
Suppose -7*p + 3*p = n - 23, 5*n = p + 73. Suppose n*g + 252 = 21*g. Calculate the remainder when 134 is divided by g.
8
Let y = 549 - 549. Suppose y = -5*z - 9 + 29, -112 = -l - 5*z. Suppose d + 2*n + 182 = 5*d, 4*d = 5*n + 173. What is the remainder when l is divided by d?
45
Let j(m) = 25*m + 254. Calculate the remainder when 371 is divided by j(-8).
47
Let d = -58 + 61. Suppose 0 = -2*v + 7 - d. Suppose -4*s - v*u = -108, 62 + 19 = 3*s - 3*u. What is the remainder when 51 is divided by s?
24
Let j = 1371 - 1353. Suppose 57 = 4*z - 3*w, -2*z + w = -7*z + 76. Calculate the remainder when 112/(-6)*z/(-4) is divided by j.
16
Let t(p) = 4*p**2 - 18*p + 19. Let w be t(1). Suppose 0 = w*q - 2*x - 166, 3*q + 2*x - 106 = -0*q. Calculate the remainder when q is divided by 7.
6
Let w(o) = 2*o**2 - 64*o - 235. Calculate the remainder when 103 is divided by w(36).
50
Let z = 2030 + -1944. Calculate the remainder when 2056 is divided by z.
78
Let r be (-36)/2*(-2678)/52. Let t = 1032 - r. Suppose 4*o - 227 + 74 = g, 5*o - 4*g = 205. Calculate the remainder when t is divided by o.
31
Suppose 2*g + 148 = 158. Suppose g*z + 5*i = 255, -39 = -z - 5*i + i. Let o = 10 + -2. What is the remainder when z is divided by o?
7
Let j(h) = -16*h + 19. Let y be j(10). Let d = -56 + 80. Calculate the remainder when (-1)/(2 + 285/y) is divided by d.
23
Let v = -8989 + 10411. What is the remainder when v is divided by 63?
36
Suppose 82 - 80 = 2*o. Let r = -1937 - -1965. What is the remainder when r is divided by o?
0
Suppose -2*l - 5*i + 138 = 56, -4*i = -5*l + 7. Suppose 0 = 2*s - 7*s + 30. Calculate the remainder when l is divided by s.
5
What is the remainder when (-16)/((-224)/70) - -1501 is divided by 94?
2
Calculate the remainder when 148 is divided by 1038/21 - (-205)/287*3/(-5).
1
Let s be (-1)/(4/(-12))*(-5 + 2). Let b be (s/5)/((-21)/(-105)). What is the remainder when 73 is divided by (1*(-3)/b)/((-1)/(-57))?
16
Let z = 56 + -34. Let x = 179 + -40. Suppose x*b - 530 = 129*b. What is the remainder when b is divided by z?
9
Suppose 11*x = 2*x + 585. What is the remainder when x is divided by 51?
14
Suppose -3*s = 15*s + 1602. Let d be (2 + 42/(-4))*10. Let j = d - s. What is the remainder when j is divided by 3?
1
Let f be 85/7 + (-8)/56. Calculate the remainder when 41 is divided by (12/(-2))/(-5*f/150).
11
Suppose 3*b + 4*k = b + 36, -2 = -k. Calculate the remainder when ((-31857)/1148)/(3/(-12)) is divided by b.
13
Let j be 1/(6/4) - (-88)/(-6). Calculate the remainder when 208/(-20)*105/j is divided by 28.
22
Suppose -14 = -2*b, 0 = -27*r + 30*r - 3*b - 129. What is the remainder when 204 is divided by r?
4
Let q(b) = 687*b + 2113. Calculate the remainder when 8779 is divided by q(-3).
43
Suppose u - 3*q = 6, 3*q + 5 = -3*u + 47. Let p(s) = 2*s - 4 - 2 + s**3 - 7 - 39*s**2 + 34*s**2. Calculate the remainder when p(6) is divided by u.
11
Suppose 3*h - 38 - 37 = 0. What is the remainder when 213/(183/60 - ((-336)/14)/(-480)) is divided by h?
21
Suppose -4*m + 30 = -2*c, -m + 12 = -3*c - 8. Let t(z) = 5*z**2 + 10*z - 1. Calculate the remainder when (m - (-36)/8)*12 is divided by t(-4).
36
Let h = -9198 - -10897. What is the remainder when h is divided by 13?
9
Suppose -5*w + 122 = 2*s - 49, 2*s - 141 = w. What is the remainder when 222 is divided by s?
3
Suppose -x = 2*f + 64, 2*x + 3*x = -2*f - 304. Let w = -51 - x. What is the remainder when 34 is divided by w?
7
Suppose 0 = 373*f - 23324 + 1690. Calculate the remainder when f is divided by 4.
2
Let x = 201 + -289. Let t be (-42)/9 + 4 - x/(-3). Let b = t + 113. Calculate the remainder when b is divided by 21.
20
Let y = 2868 + -2179. Calculate the remainder when 1384 is divided by y.
6
Suppose 122 = -2*d + 2*k, -3*d - 101 - 110 = 4*k. Calculate the remainder when 319 is divided by 6 + 4*d/(-10).
31
Let f be (-49)/(-14) - (-78)/(-12). Calculate the remainder when 69 is divided by ((-4)/1)/(f/6).
5
Suppose -63 + 51 = -2*d. Let b be 17*(-4)/(-16)*4. Suppose 5*n + 40 = 5*f, 4*f - b = -n + 5. Calculate the remainder when d is divided by f.
0
Let p = 4885 + -3863. What is the remaind